471362 a multiple of 46?
True
Does 116 divide 2950441?
False
Is 10 a factor of 812900?
True
Does 57 divide 110694?
True
Is 15 a factor of 714954?
False
Does 174 divide 1385282?
False
Does 342 divide 1727023?
False
Does 9 divide 803524?
False
Does 202 divide 1659632?
True
Does 34 divide 1119416?
True
Is 1011172 a multiple of 46?
True
Is 640166 a multiple of 32?
False
Is 971056 a multiple of 11?
False
Is 16 a factor of 24963?
False
Does 96 divide 122535?
False
Is 26 a factor of 869596?
True
Is 18 a factor of 47102?
False
Is 60 a factor of 991440?
True
Does 48 divide 110640?
True
Does 26 divide 156468?
True
Does 7 divide 214403?
True
Is 495000 a multiple of 8?
True
Is 411810 a multiple of 530?
True
Does 230 divide 6318228?
False
Is 347 a factor of 336937?
True
Is 1816344 a multiple of 162?
True
Is 116 a factor of 487938?
False
Is 275222 a multiple of 42?
False
Is 300 a factor of 1246455?
False
Does 8 divide 1566072?
True
Is 3344051 a multiple of 4?
False
Does 169 divide 20824339?
False
Is 1737 a factor of 40483962?
False
Is 31 a factor of 4019243?
True
Is 42 a factor of 883271?
False
Is 26 a factor of 539572?
False
Does 321 divide 7082544?
True
Is 19 a factor of 32110?
True
Is 19 a factor of 6240685?
False
Is 193 a factor of 4703919?
False
Does 529 divide 450179?
True
Does 424 divide 20109896?
True
Is 158508 a multiple of 259?
True
Is 6 a factor of 119651?
False
Is 3108031 a multiple of 806?
False
Does 278 divide 239080?
True
Is 100 a factor of 1222600?
True
Is 170 a factor of 15112402?
False
Does 139 divide 12419?
False
Is 31 a factor of 1906940?
False
Is 14 a factor of 429053?
False
Does 35 divide 687820?
True
Is 46 a factor of 40710?
True
Is 40 a factor of 627491?
False
Is 1335324 a multiple of 12?
True
Does 18 divide 466380?
True
Does 118 divide 469758?
True
Does 8 divide 2065202?
False
Is 7 a factor of 1461151?
False
Is 473 a factor of 284489?
False
Is 5 a factor of 534510?
True
Is 335817 a multiple of 49?
False
Does 2 divide 12226?
True
Does 47 divide 2991644?
True
Is 340 a factor of 13307600?
True
Is 2932366 a multiple of 687?
False
Is 79 a factor of 5065006?
True
Is 85 a factor of 323696?
False
Is 81257 a multiple of 89?
True
Is 22 a factor of 14233538?
True
Is 200930 a multiple of 71?
True
Is 25 a factor of 725?
True
Is 25208 a multiple of 46?
True
Is 81 a factor of 9012222?
True
Is 63 a factor of 4066489?
False
Is 12 a factor of 559044?
True
Is 11840199 a multiple of 145?
False
Does 159 divide 632650?
False
Is 562 a factor of 1818070?
True
Does 172 divide 476268?
True
Is 21 a factor of 1021839?
True
Is 364 a factor of 26876?
False
Does 21 divide 6327069?
True
Is 19 a factor of 1115737?
True
Is 12058854 a multiple of 1094?
False
Is 228792 even?
True
Does 51 divide 563550?
True
Is 43 a factor of 995226?
False
Does 121 divide 391314?
True
Is 23 a factor of 4083276?
False
Is 24 a factor of 177000?
True
Does 68 divide 13260?
True
Is 12069068 a multiple of 99?
False
Is 7 a factor of 70648?
False
Is 652 a factor of 6450323?
False
Is 96 a factor of 12040655?
False
Does 325 divide 1178125?
True
Does 13 divide 831622?
False
Does 502 divide 333830?
True
Is 2780461 a multiple of 32?
False
Does 9 divide 366762?
False
Does 141 divide 72615?
True
Is 5399784 a multiple of 216?
True
Does 180 divide 155880?
True
Is 270124 a multiple of 101?
False
Is 44 a factor of 725747?
False
Is 5609934 a multiple of 33?
True
Is 3503 a multiple of 11?
False
Is 6 a factor of 2958?
True
Is 180 a factor of 1315620?
True
Is 7 a factor of 68873?
True
Does 19 divide 63460?
True
Does 103 divide 1545120?
False
Is 17289 a multiple of 435?
False
Is 327 a factor of 1998297?
True
Is 34098 a multiple of 10?
False
Is 11 a factor of 349430?
False
Is 1231405 a multiple of 49?
False
Is 103 a factor of 45779?
False
Does 342 divide 154556?
False
Is 121 a factor of 362879?
True
Does 241 divide 79771?
True
Does 604 divide 11296008?
True
Is 18 a factor of 959?
False
Is 4515984 a multiple of 823?
False
Does 4 divide 45268?
True
Is 14 a factor of 309013?
False
Is 1129690 a multiple of 41?
False
Is 7 a factor of 207864?
False
Is 3877996 a multiple of 101?
True
Is 217 a factor of 4275860?
False
Does 7 divide 123683?
True
Is 254 a factor of 7141210?
True
Does 204 divide 1020612?
True
Is 21 a factor of 11575578?
True
Does 224 divide 98116?
False
Is 34 a factor of 220796?
True
Is 801848 a multiple of 226?
True
Is 219 a factor of 620913?
False
Is 456518 a multiple of 135?
False
Is 27 a factor of 1274186?
False
Is 1175760 a multiple of 360?
True
Does 768 divide 1440000?
True
Is 36410 a multiple of 22?
True
Is 146794 a multiple of 19?
True
Is 4 a factor of 36211?
False
Is 26553 a multiple of 159?
True
Is 27 a factor of 2118539?
False
Is 137 a factor of 3419109?
True
Is 142463 a multiple of 109?
True
Does 5 divide 15929?
False
Does 75 divide 2363841?
False
Is 175219 a multiple of 187?
True
Is 19 a factor of 427555?
False
Is 348368 a multiple of 33?
False
Is 246113 a multiple of 7?
True
Is 231 a factor of 84315?
True
Is 1735326 a multiple of 18?
True
Is 953 a factor of 7324758?
True
Is 52373 a multiple of 85?
False
Does 29 divide 2523?
True
Is 8 a factor of 73323?
False
Is 31 a factor of 2557890?
False
Does 339 divide 2891979?
False
Is 846 a factor of 7187023?
False
Is 23 a factor of 1125222?
False
Does 98 divide 47726?
True
Is 21 a factor of 1093344?
True
Is 209 a factor of 2435895?
True
Does 12 divide 638680?
False
Does 52 divide 9325983?
False
Does 39 divide 2205172?
False
Does 16 divide 473838?
False
Is 1476207 a multiple of 787?
False
Does 9 divide 175389?
False
Is 2815850 a multiple of 37?
False
Does 95 divide 295516?
False
Does 10 divide 1113748?
False
Is 3315112 a multiple of 11?
False
Is 154993 a multiple of 59?
True
Is 271089 a multiple of 91?
True
Is 363703 a multiple of 443?
True
Is 32 a factor of 17388?
False
Does 21 divide 163965?
False
Is 10793175 a multiple of 227?
False
Does 13 divide 25597?
True
Is 3019518 a multiple of 251?
False
Is 13248478 a multiple of 146?
True
Is 6552000 a multiple of 520?
True
Is 229 a factor of 3350270?
True
Is 129618 a multiple of 12?
False
Is 6 a factor of 154224?
True
Does 5 divide 33622?
False
Is 389077 a multiple of 13?
True
Is 36003539 a multiple of 16?
False
Is 263088 a multiple of 348?
True
Is 3 a factor of 12697?
False
Is 16 a factor of 161542?
False
Is 605827 a multiple of 9?
False
Is 216292 a multiple of 23?
True
Does 7 divide 357721?
True
Does 5 divide 3561740?
True
Is 1301426 a multiple of 84?
False
Is 3712659 a multiple of 303?
True
Is 6068505 a multiple of 535?
True
Is 26188839 a multiple of 81?
True
Does 967 divide 917653?
False
Does 127 divide 756412?
True
Does 2 divide 9843?
False
Is 495 a factor of 2720620?
False
Is 113 a factor of 605680?
True
Is 45114 a multiple of 219?
True
Is 22236 a multiple of 436?
True
Is 8642689 a multiple of 73?
True
Does 10 divide 2792650?
True
Is 300 a factor of 44400?
True
Is 9 a factor of 57946?
False
Does 269 divide 5530371?
True
Is 535694 a multiple of 98?
False
Does 45 divide 522225?
True
Is 11 a factor of 174857?
False
Is 229 a factor of 603670?
False
Does 60 divide 91961?
False
Does 16 divide 336224?
True
Is 32 a factor of 214208?
True
Does 247 divide 350740?
True
Is 1568915 a multiple of 20?
False
Is 83 a factor of 166083?
True
Does 484 divide 5313836?
True
Is 49 a factor of 85355?
False
Does 147 divide 13500333?
True
Is 242250 a multiple of 375?
True
Does 9 divide 85677?
False
Is 332 a factor of 123504?
True
Is 146 a factor of 1401308?
True
Is 1087940 a multiple of 380?
True
Is 7 a factor of 59934?
True
Is 17 a factor of 119799?
True
Is 373230 a multiple of 82?
False
Is 2338247 a multiple of 142?
False
Is 989211 a multiple of 339?
False
Does 254 divide 500888?
True
Is 184 a factor of 50416?
True
Does 703 divide 368561?
False
Does 24 divide 672243?
False
Does 98 divide 45950?
False
Does 149 divide 6675647?
True
Is 7 a factor of 57573?
False
Is 246 a factor of 3545106?
True
Is 19 a factor of 1683592?
False
Is 5 a factor of 2004730?
True
Is 444 a factor of 277244?
False
Is 5822415 a multiple of 129?
True
Does 20 divide 80640?
True
Does 21 divide 172200?
True
Is 45458 a multiple of 238?
True
Is 151943 a multiple of 375?
False
Does 3 divide 1184252?
False
Is 83 a factor of 446240?
False
Does 27 divide 838